et f(j) = j**2 - 97*j - 2165. Calculate f(114).
-227
Let t(n) = -4*n**3 + 4*n**2 + 80*n + 80. What is t(-5)?
280
Let m(z) = 5201*z + 5241. Give m(-1).
40
Let p(f) = -52637*f + 1421231. Calculate p(27).
32
Let g(r) = -r**3 + 26*r**2 - 53*r - 424. Give g(-3).
-4
Let p(s) = -s**2 + 8332*s - 83391. What is p(10)?
-171
Let m(l) = 41*l + 4423. What is m(-117)?
-374
Let k(v) = -v**3 + 51*v**2 + 309*v - 4861. Give k(55).
34
Let p(v) = -54*v**3 - 4*v**2 - 7*v - 10. Determine p(-2).
420
Let r(d) = 49*d**2 + 2001*d + 1639. Calculate r(-40).
-1
Let c(m) = 81*m**2 - 39*m + 121. What is c(2)?
367
Let p(z) = -18*z**2 + 566*z - 927. Calculate p(2).
133
Let c(y) = -501*y + 4098. Calculate c(8).
90
Let z(l) = 374*l + 756. Calculate z(-2).
8
Let i(l) = -2*l**3 + 4*l**2 + 2914*l - 17490. Determine i(6).
-294
Let j(d) = 35*d**2 + 153*d + 17. Determine j(-8).
1033
Let u(c) = c**3 - 280*c**2 + 546*c + 2764. Determine u(278).
-16
Let o(j) = 2*j**2 - 243*j + 3703. Give o(16).
327
Let f(y) = -4*y**2 - 15*y + 653. Determine f(25).
-2222
Let c(r) = -7*r**2 + 68655*r + 343320. Give c(-5).
-130
Let l(d) = 6*d**2 - 33*d - 628. Determine l(-9).
155
Let i(d) = -4145*d + 513972. What is i(124)?
-8
Let r(d) = d**3 + 39*d**2 + 154*d + 427. Give r(-35).
-63
Let b(h) = h**2 - 201*h + 7534. Calculate b(50).
-16
Let i(t) = 4692*t - 835170. What is i(178)?
6
Let v(s) = -2*s**2 - 884*s + 10801. Determine v(12).
-95
Let k(z) = -28392*z + 256751. Determine k(9).
1223
Let m(t) = -16*t - 3020. Determine m(-187).
-28
Let s(n) = 375518*n - 3379715. Give s(9).
-53
Let j(q) = 35021*q - 5078089. Calculate j(145).
-44
Let a(q) = 40*q**2 + 767*q + 191. Calculate a(-19).
58
Let p(u) = u**2 - 84*u + 4183. Calculate p(42).
2419
Let d(o) = 501*o**3 + 2535*o**2 + 148*o - 11. What is d(-5)?
-1
Let k(p) = p**3 + 177*p**2 - 151*p + 4826. Give k(-178).
20
Let z(s) = -2715*s - 46182. What is z(-17)?
-27
Let m(r) = r**3 + 130*r**2 + 380*r + 200. Determine m(-2).
-48
Let j(y) = -69432*y - 11039696. Give j(-159).
-8
Let n(h) = -34*h - 3115. Determine n(-85).
-225
Let u(w) = 10305*w - 1617881. Give u(157).
4
Let g(r) = -r**2 - 103*r + 19592. Calculate g(-201).
-106
Let j(z) = 10*z**2 + 677*z - 2892. Give j(4).
-24
Let a(i) = 136*i - 13841. Give a(102).
31
Let z(l) = 77*l - 4288. Determine z(56).
24
Let q(o) = o**3 + 12*o**2 - 397*o - 2238. Give q(-5).
-78
Let x(j) = 103*j**2 + 300*j + 3. Give x(-4).
451
Let p(k) = 410*k + 11902. Calculate p(-30).
-398
Let c(a) = 7674*a - 15337. Give c(2).
11
Let x(a) = 8*a**2 - 54*a + 428. Determine x(28).
5188
Let j(k) = -2394*k + 766083. What is j(320)?
3
Let f(t) = t**3 + 193*t**2 + 510*t - 11645. What is f(-190)?
-245
Let j(b) = b**2 - 28*b + 42. What is j(16)?
-150
Let g(s) = 10*s**2 + 333*s - 587. Calculate g(-33).
-686
Let i(o) = -189*o**2 + 6655*o - 1487. Determine i(35).
-87
Let r(q) = -47*q + 4842. Determine r(97).
283
Let u(j) = -2832*j**2 + 18*j - 5. What is u(-1)?
-2855
Let l(x) = 33*x + 587. Calculate l(-67).
-1624
Let b(p) = -279*p**2 + 97365*p + 194730. Give b(-2).
-1116
Let a(f) = -f**3 + 67*f**2 + 915*f - 61301. Determine a(67).
4
Let j(s) = s**2 + 2819*s + 194957. Determine j(-71).
-151
Let x(r) = -389*r**2 + 14*r + 10. Determine x(-1).
-393
Let w(q) = -2*q**3 + 118*q**2 - 1229*q - 70. Calculate w(14).
364
Let n(v) = -23*v**3 - 2229*v**2 + 230*v - 52. Determine n(-97).
-3544
Let s(v) = 85223*v + 681788. Give s(-8).
4
Let k(h) = 620*h + 4576. What is k(-11)?
-2244
Let a(q) = 80123*q + 641008. Determine a(-8).
24
Let t(j) = j**3 - 117*j**2 - 258*j + 1867. Calculate t(119).
-513
Let i(h) = 11*h**2 + 16279*h + 177730. Give i(-11).
-8
Let m(c) = c**3 - 537*c**2 + 4778*c - 13730. Calculate m(528).
-2
Let j(r) = 49*r**2 + 9611*r + 57655. Give j(-6).
1753
Let g(a) = 23580*a - 377239. What is g(16)?
41
Let s(r) = -2*r**2 - 738*r - 8571. Determine s(-12).
-3
Let m(i) = -i**3 - 209*i**2 - 1447*i - 6501. What is m(-202)?
165
Let b(r) = -7*r**3 - 21*r**2 + 44*r - 56. Calculate b(4).
-664
Let p(n) = -n**3 + 21*n**2 + 3044*n - 81552. What is p(29)?
-4
Let l(i) = 6945*i + 500110. Determine l(-72).
70
Let t(d) = -7*d**2 + 26*d + 289. Calculate t(-5).
-16
Let k(v) = 2574*v + 94254. What is k(-37)?
-984
Let p(q) = 6*q**2 + 81*q + 1129. Calculate p(-11).
964
Let o(t) = 105*t**2 + 41*t - 39. Calculate o(5).
2791
Let d(u) = 6870*u - 131138. Calculate d(19).
-608
Let u(h) = -299*h**2 - 11959*h - 12. Determine u(-40).
-52
Let h(t) = 221707*t + 665124. What is h(-3)?
3
Let u(z) = -4*z**2 + 611*z - 3074. What is u(147)?
307
Let s(h) = 36*h**2 + 302*h + 347. What is s(-4)?
-285
Let j(x) = -11674*x - 151894. What is j(-13)?
-132
Let s(w) = -w**3 + 32*w**2 - 261*w + 85. Give s(15).
-5
Let b(f) = 3*f**2 + 537*f + 436. Give b(-178).
-98
Let x(n) = -1809*n - 95217. Determine x(-53).
660
Let t(f) = -36779*f - 15814955. Determine t(-430).
15
Let s(u) = 27*u**2 - 49*u - 79. Determine s(3).
17
Let r(h) = 179*h - 30986. Give r(174).
160
Let j(m) = -32382*m + 194303. Determine j(6).
11
Let j(t) = -t**3 + 2*t**2 + 188*t - 17. What is j(0)?
-17
Let z(g) = -7*g**3 + 21*g**2 + 690*g - 3077. Give z(5).
23
Let q(i) = -105*i + 2100. What is q(0)?
2100
Let l(c) = 2*c**2 - 1814*c - 12809. Determine l(-7).
-13
Let f(k) = -k**3 - 235*k**2 - 243*k - 2116. Give f(-234).
-10
Let a(x) = -5*x**3 + 1022*x**2 - 406*x - 291. What is a(204)?
117
Let d(b) = 15*b**3 - 251*b**2 - 69*b + 23. Determine d(17).
6
Let z(b) = b**3 + 52*b**2 - 2001*b + 4246. What is z(24)?
-2
Let z(p) = 16641*p + 216331. Determine z(-13).
-2
Let s(d) = 6*d**2 - 430*d - 7563. Calculate s(-14).
-367
Let r(i) = 1855*i + 54176. Determine r(-29).
381
Let k(a) = -a**3 + 65*a**2 + 207*a + 351. What is k(68)?
555
Let a(n) = -7*n**3 - 15*n**2 - 83*n - 305. Give a(-3).
-2
Let z(k) = -k**3 - 22*k**2 + 39*k - 63. What is z(-24)?
153
Let m(p) = 91096*p + 2459595. Determine m(-27).
3
Let a(z) = z**3 - 68*z**2 + 782*z + 614. Give a(53).
-75
Let n(i) = -1770*i - 1826648. What is n(-1032)?
-8
Let v(y) = y**2 - 93*y - 23465. Determine v(208).
455
Let t(y) = 62*y**2 + 3162*y - 264. What is t(-51)?
-264
Let g(k) = 28*k**2 - 2086*k - 1920. What is g(75)?
-870
Let g(n) = -110*n**2 - 70*n + 26. What is g(0)?
26
Let j(s) = -11*s**2 + 1879*s + 28397. Give j(-15).
-2263
Let m(b) = 67087*b + 7379568. Calculate m(-110).
-2
Let d(h) = 42*h + 5184. Determine d(-119).
186
Let t(s) = 2*s**3 + 85*s**2 - 12*s + 1264. Calculate t(-43).
-69
Let y(b) = 112*b**2 - 881*b + 883. Give y(1).
114
Let z(l) = 4*l**2 + 2368*l + 11720. Give z(-5).
-20
Let h(i) = -4*i**2 - 1886*i + 3782. Calculate h(2).
-6
Let w(h) = -991*h + 8951. What is w(11)?
-1950
Let a(p) = 3946*p + 426230. Give a(-108).
62
Let o(b) = -28*b**3 + 475*b**2 + 11*b + 81. What is o(17)?
-21
Let s(v) = 3*v**2 - 6562*v + 560255. Calculate s(89).
0
Let o(n) = 7520*n + 52655. What is o(-7)?
15
Let t(j) = 1441*j - 28823. Give t(20).
-3
Let j(s) = -3*s**3 - 16*s**2 + 38768*s + 193879. Give j(-5).
14
Let x(l) = 1700*l - 34860. Give x(21).
840
Let j(w) = 2*w**2 - 4866*w - 143053. What is j(-29)?
-257
Let j(i) = i**2 + 212*i - 14035. Calculate j(-264).
-307
Let k(g) = 7*g**2 + 3363*g + 369842. Give k(-310).
12
Let q(x) = -6*x**2 - 113*x - 899. Calculate q(-7).
-402
Let k(c) = -3*c**3 - 8*c**2 + 480*c + 4754. Give k(-10).
2154
Let j(y) = y**3 + 7*y**2 + 2981*y + 17948. Determine j(-6).
98
Let l(v) = 6*v**2 - 248*v + 928. Give l(37).
-34
Let u(b) = 15649*b - 15584. Calculate u(1).
65
Let l(j) = 96*j + 22831. What is l(-242)?
-401
Let q(l) = -7895*l + 307923. What is q(39)?
18
Let q(o) = 269252*o - 538508. Give q(2).
-4
Let z(l) = -784*l**2 - 140*l - 14. Determine z(-2).
-2870
Let f(z) = -24*z**2 + 1294*z + 5535. Give f(-4).
-25
Let q(r) = -66*r**2 - 282*r - 199. Calculate q(-4).
-127
Let n(q) = 6381*q - 216327. Give n(34).
627
Let c(k) = -2231*k + 1847. What is c(1)?
-384
Let l(t) = 53*t**2 + 51*t - 114. Give l(2).
200
Let q(r) = 20*r**2 + 131*r + 1103. What is q(-10)?
1793
Let x(k) = 11*k**2 + 3119*k - 7384. Calculate x(-287).
3522
Let w(a) = -3*a**3 + 3417*a**2 - 3222*a - 218514. Determine w(1138).
-18
Let u(z) = -834*z**2 + 13343*z + 17. What is u(16)?
1
Let f(u) = -71348*u + 642077. Give f(9).
-55
Let a(h) = 2512*h**2 + 113036*h - 189. Calculate a(-45).
-9
Let h(s) = s**3 + 10*s**2 - 2597*s - 46095. Calculate h(-19).
-1
L